me?
False
Let i(l) = -519*l + 160. Is i(-23) a composite number?
False
Let q(m) = -78*m**3 + m**2 + 2*m - 1. Is q(-2) a prime number?
False
Suppose 0 = 20*w - 35409 - 22931. Is w a composite number?
False
Suppose -5*j + m + 4485 = -17748, -2*j - m = -8896. Is j a composite number?
False
Let s = 1374 + -1927. Let b = s + 1836. Is b a prime number?
True
Let d(j) = -1854*j - 1159. Is d(-25) composite?
False
Suppose 26*k = 28*k - 4. Let w(a) = 34*a**2 - 12*a + 3. Is w(k) prime?
False
Let c = 28 - 9. Let x = c + -7. Suppose -11*a - 121 = -x*a. Is a a composite number?
True
Let v(d) = d**3 - 8*d**2 + 5*d - 9. Let a be v(9). Let w = 25 - -35. Let b = a - w. Is b a composite number?
True
Suppose 12 = 4*s - 4. Let u(h) = h**2 - 1 - 2*h**3 - 8*h + 1 - s - 4*h**2. Is u(-5) a prime number?
True
Let l(h) be the first derivative of -h**4/4 - h**3/3 + 3*h**2/2 - 3*h + 6. Let z be l(-3). Is z/27 - 68/(-18) a prime number?
False
Let n = 11749 - -19734. Is n a composite number?
True
Let w = 19 + -44. Let k be 5/(-20) - w/4. Is -1*3/k*-254 a prime number?
True
Let a(d) = -d**2 - 9*d + 61. Let z be a(-8). Let t be (8/5)/((-1)/20). Let s = z + t. Is s prime?
True
Suppose 9 = 3*s - 9. Suppose 58 - s = 4*h. Suppose 3*v + 0*v = 2*x - h, -2*x - 2*v = -28. Is x a composite number?
False
Let h be (-4)/(0 - 2 - 2). Let u(w) = 3*w + 3 + 30*w**2 + h - 9 + 3*w. Is u(2) composite?
False
Suppose 0*o + 9*o = 234. Suppose -o*w + 5048 = -18*w. Is w prime?
True
Let n be 4 + (3 - (-2)/(-1)). Suppose 2 - 32 = n*u. Is (14/u)/(1/(-51)) a composite number?
True
Let r(w) = -423*w**2 + 6*w + 12. Let c(z) = 141*z**2 - 2*z - 4. Let a(n) = -11*c(n) - 4*r(n). Is a(3) prime?
True
Suppose v + 8 = -4*m, -5*v + 2*m - 3*m = 21. Let q = v - -7. Suppose -q*a + 52 = a. Is a a composite number?
False
Let m be 1/(((-1)/7)/((-3)/7)). Suppose -m*n + 363 = 3*t, -3*n + 5*n + 4*t - 246 = 0. Is n composite?
True
Is (190/57 + -3)*(23145 + 0) prime?
False
Suppose 0 = 4*x + 1777 - 9281. Suppose 2*w - 210 - x = 0. Is w a prime number?
False
Let o(p) = 2*p**2 + 8*p - 1. Suppose -g = -4*r + g - 54, 4*r + 57 = 3*g. Is o(r) prime?
True
Is 1617/(-22)*-3 + 1/2 prime?
False
Suppose 18*i - 29960 = 20026. Is i a composite number?
False
Let z(g) = -1707*g - 14. Is z(-5) prime?
True
Let q = -977 - -4104. Is q a prime number?
False
Suppose -7*i + 72 = -3*i. Let v be ((-48)/i)/(4/6). Is (70/7)/(v/(-86)) a composite number?
True
Suppose 0 = -4*d + 2*f - 494, -f + 493 = -5*d - 132. Let a = d + 129. Is a a prime number?
True
Let n be (-1 + 28)/(-5 - (-133)/26). Let f = n + -137. Is f a composite number?
False
Let a = 1394 + 9291. Is a a composite number?
True
Is (1954/4)/(0 - (-5)/10) composite?
False
Suppose 3*a + 4*c - 13 = 0, 27 = 5*a + 5*c + 2. Suppose s - a*s = -12. Suppose 0 = -s*r + 185 - 51. Is r a composite number?
False
Let s = 96257 + -42928. Is s a prime number?
False
Suppose -110 = 5*h + 6*v - v, -2*h - 5*v - 44 = 0. Is 77/h*-29*2 prime?
False
Let m = 18568 + 35349. Is m a prime number?
True
Suppose 3*g + 36232 = 2*y, 34*g - 29*g - 36248 = -2*y. Is y prime?
True
Suppose 5*y = -o + 18352, 14*o - 91676 = 9*o + 3*y. Is o prime?
False
Let g(o) = 2*o**2 - 32*o - 11. Is g(-25) composite?
False
Suppose 0 = -21*z - 11*z + 326176. Is z composite?
False
Let r(f) = 530*f**2 + 154*f - 5. Is r(4) a prime number?
True
Let p be -1 + -1 + 6*1. Let c(w) = -w**2 + 23*w - 25. Let x be c(22). Is 480 - x - (p + 0) a composite number?
False
Let c(v) = -v - 2667. Let a be c(0). Is (a/12 + -1)/((-5)/20) a composite number?
True
Suppose -3*b + 2353 = -s, 0 = -5*b + 4*s - 861 + 4778. Is b prime?
False
Suppose 5*m = -0*c - 2*c - 1650, 5*c + 4104 = -2*m. Let j = -107 + 2564. Let a = j + c. Is a a composite number?
False
Suppose -3*k = q - 7, 42 = 4*q - 0*k + 5*k. Let m(r) = -8 - r**3 + 11 - 2*r - q. Is m(-7) a composite number?
False
Let w = 34 - 48. Let c = w - -249. Is c prime?
False
Suppose -2*x + 221 = -3297. Is x composite?
False
Suppose -3*q + 0 = -15. Suppose -q*y - 603 + 1788 = 0. Suppose 2*g - 3*z = -0*g + 454, -g + y = -4*z. Is g a composite number?
True
Let h = 10 + -9. Suppose -6*n + h = -4*x - n, -x + 3*n = -5. Is 146 + x + (-2)/(-2) a composite number?
True
Let t(s) = -4*s + 13*s**3 + 7 - 14*s**3 + 7*s - 8*s**2. Is t(-14) a composite number?
True
Let a(s) = s**3 + 12*s**2 - 2*s - 20. Let o be a(-12). Is o*(36 - 0 - (-6)/24) a composite number?
True
Let g(u) = -5*u + 73*u - 14 + 233*u. Is g(3) a composite number?
True
Suppose 3*g = 7*y - 3*y + 30, 3*g - 3*y = 33. Let q(u) = u**2 + 17*u + 15. Is q(g) prime?
True
Let o be 18022/26 - (-18)/(-117). Suppose -7*f - o = -3346. Is f composite?
False
Let y(d) = 187*d**2 - 13*d - 8. Let u be y(-4). Suppose 38 - u = -2*l. Is l composite?
False
Let y(i) = -25 + 3*i**2 - 3 + 10 + 7*i. Let d be y(12). Suppose 4*m + 5*u - d = 0, -5*u + 620 = 4*m + m. Is m prime?
False
Let o(z) = 1 - z**3 - 2 + 0 + 9*z**2 + 3. Let c be o(9). Suppose h = c - 1, -w = -h - 148. Is w a composite number?
False
Is (-18)/(-12)*19418/21 prime?
False
Suppose -9 = -8*n + 23. Let q be -3*(-2 + (2 - 1)). Suppose -195 = -q*a + 3*c, c - n*c = 3*a - 219. Is a prime?
False
Let z(s) = -1285*s**3 - 4*s**2 - 31*s - 17. Is z(-3) prime?
False
Let o(v) = 443*v**2 + 2*v + 5. Let b be o(-4). Suppose w - 5658 = -4*f, -5*w = 2*f - 7*f + b. Is f a composite number?
True
Let c be (-4)/2*3/(-2). Let x be 24/10 + c/5. Suppose 2*j - 2*h = 148, -2*j + h + 140 = -x. Is j composite?
True
Is ((-3)/4 - (-215)/172)*11926 a prime number?
False
Suppose -3*g + 2*w = -1097, 0 = -w + 4*w - 6. Is g a prime number?
True
Suppose -5*c + 2092 - 372 = 0. Suppose -h + 289 = -c. Is h a prime number?
False
Suppose -2*a = -5*i + 937531 + 386614, -4*a = -5*i + 1324155. Is i a prime number?
True
Let x(j) = -161*j - 3. Let p(y) = 2*y + 2. Let s(i) = i**3 - 9*i**2 - i + 6. Let k be s(9). Let b be p(k). Is x(b) composite?
False
Let r be (5/(-5))/((-2)/20). Let v(d) = 31*d - 20. Let o be v(r). Suppose -3*m + 0*b = 5*b - 174, 0 = 5*m - 4*b - o. Is m prime?
False
Let m(w) = 23*w**2 + w - 5. Let s(o) = 12*o + 4*o**2 + 2*o**2 - 5*o**2 - 11*o. Let n(h) = m(h) - 6*s(h). Is n(-3) a prime number?
True
Let h = -154 + 110. Let u = -508 - h. Let f = 721 + u. Is f prime?
True
Is -11246*5*9/(-90) composite?
False
Let x(h) = -h**2 - 92. Suppose 3*a - 2*a = 0. Let v be x(a). Let n = -55 - v. Is n a composite number?
False
Suppose 37 = 6*c + 13. Is c/(-12)*753*-1 a composite number?
False
Let a = -322 - -65. Let d = -30 + -16. Let b = d - a. Is b composite?
False
Suppose 7*j + 2 = 8*j. Suppose 5*d - 638 = -3*h, -j*d + 0*h = 2*h - 256. Is d prime?
True
Is 2088180/396 + (-2)/11 prime?
True
Let d = 33 + -26. Suppose 2*g - 460 = -4*u, d*u - 3*u - 1138 = -5*g. Is g composite?
True
Let b be (-8)/(-6) + 6/9. Suppose 4*k = -b*m + 38, 3 = -2*m + 5*k - 4. Let y(h) = 7*h + 2. Is y(m) prime?
False
Suppose 11952 = -16*k + 99232. Is k a prime number?
False
Suppose 7*v - 22353 - 6284 = 0. Is v a prime number?
True
Let f = 24 + -22. Let a(p) = 699*p**3 - p**2 - p + 1. Is a(f) prime?
False
Suppose 4*y = 4*o - 110508, -5*y + 36482 + 46431 = 3*o. Is o a composite number?
False
Let b(v) = v**3 + 4*v**2 + 2*v + 3. Let q be b(-2). Let p = 50 + q. Is p a prime number?
False
Let d = 70 + -67. Suppose d*t - 4711 = -4*t. Is t prime?
True
Suppose 0*t - 29 = -2*f + 3*t, -4*f + 48 = -4*t. Suppose w + 6234 = f*w. Is w composite?
False
Let o be (-35)/2*20/25. Let b be 21/o + 1/(-2). Is b/10 - (-1062)/10 a prime number?
False
Let x(n) = 180*n + 203. Is x(73) a composite number?
True
Suppose -204626 = -28*c + 69858. Is c composite?
False
Suppose 3*x + 646 = 12589. Is x prime?
False
Let s = -1183 - -1668. Is s a composite number?
True
Suppose -7*w - 28229 = -213799. Suppose 9*k = -k + w. Is k prime?
False
Suppose 4*u - 1052 = -h, -2*u - 4*h + 512 = -7*h. Suppose 260*z + 1882 = u*z. Is z composite?
False
Let t(g) = 7*g**2 - g + 8. Let a be t(-3). Suppose a = -o + 787. Is o a composite number?
True
Let j = 2482 - 1553. Is j prime?
True
Suppose -89046 + 24196 = -10*s. Is s composite?
True
Let f(z) = 7*z**2 - 7*z - 7 + 4*z**2 - 2*z**2 - z**3. Let w be f(8). Is (-1 + 780/3)*w a composite number?
True
Is (-2 + 600)/(2/1) a composite number?
True
Suppose 0 = 26*x + 122 + 112. Let a(t) = t**2 + 3*t - 5*t - 3 - 13. Is a